{"id":2755,"date":"2023-02-15T15:07:15","date_gmt":"2023-02-15T14:07:15","guid":{"rendered":"https:\/\/seaevents.se\/?page_id=2755"},"modified":"2023-02-15T15:07:15","modified_gmt":"2023-02-15T14:07:15","slug":"sekretessinformation-sea-events","status":"publish","type":"page","link":"https:\/\/seaevents.se\/sekretessinformation-sea-events\/","title":{"rendered":"Sekretessinformation &#8211; Sea Events"},"content":{"rendered":"<div id=\"pl-2755\"  class=\"panel-layout\" ><div id=\"pg-2755-0\"  class=\"panel-grid panel-no-style\" ><div id=\"pgc-2755-0-0\"  class=\"panel-grid-cell\" ><div id=\"panel-2755-0-0-0\" class=\"so-panel widget widget_sow-editor panel-first-child panel-last-child\" data-index=\"0\" ><div\n\t\t\t\n\t\t\tclass=\"so-widget-sow-editor so-widget-sow-editor-base\"\n\t\t\t\n\t\t>\n<div class=\"siteorigin-widget-tinymce textwidget\">\n\t<p>Sea Events Stockholm AB\u00a0anser att s\u00e4kerheten r\u00f6rande dina personuppgifter vid anv\u00e4ndning av denna webbplats \u00e4r viktig och vi tar skyddet av dina personuppgifter p\u00e5 allvar. I denna text informerar vi d\u00e4rf\u00f6r om hur dessa hanteras, vilka uppgifter vi sparar och vilka vi kasserar.<\/p>\n<h2 id=\"Sekretessinformation-Insamlingavdata\">Insamling av data<\/h2>\n<p>Du kan anv\u00e4nda v\u00e5r webbplats utan att l\u00e4mna n\u00e5gra personuppgifter under f\u00f6ruts\u00e4ttning att det inte \u00e4r n\u00f6dv\u00e4ndigt f\u00f6r att kunna tillhandah\u00e5lla den produkt eller tj\u00e4nst du best\u00e4llt. N\u00e4r du anv\u00e4nder v\u00e5r webbplats lagrar vi av olika s\u00e4kerhetssk\u00e4l data i v\u00e5ra servrar. Denna information kan innefatta namnet p\u00e5 din internetleverant\u00f6r, den webbplats som du anv\u00e4nde f\u00f6r att l\u00e4nka till v\u00e5r webbplats, de webbplatser som du bes\u00f6ker fr\u00e5n v\u00e5r webbplats och din IP-adress. Informationen skulle m\u00f6jligen kunna anv\u00e4ndas f\u00f6r att identifiera dig men vi har ingen m\u00f6jlighet att anv\u00e4nda den p\u00e5 det s\u00e4ttet. Det f\u00f6rekommer att vi anv\u00e4nder informationen f\u00f6r statistiska \u00e4ndam\u00e5l men enskilda anv\u00e4ndare \u00e4r anonyma och identifieras inte. I de fall n\u00e4r personuppgifter l\u00e4mnas till andra f\u00f6r att tillhandah\u00e5lla produkter eller tj\u00e4nster som du best\u00e4llt eller av andra sk\u00e4l som du godk\u00e4nt, anv\u00e4nder vi oss av l\u00e4mpliga tekniska och organisatoriska metoder f\u00f6r att f\u00f6rs\u00e4kra oss om att till\u00e4mpliga personuppgiftsbest\u00e4mmelser f\u00f6ljs.<\/p>\n<h2 id=\"Sekretessinformation-Insamlingochbearbetningavpersonuppgifter\">Insamling och bearbetning av personuppgifter<\/h2>\n<p>Personuppgiftsansvarig f\u00f6r personuppgifter som samlas in genom webbplatsen \u00e4r Sea Events Stockholm AB,<br \/>\norg.nummer:\u00a0556994-9588, Almdalsv\u00e4gen 8B, 132 37 Saltsj\u00f6-Boo. Vi f\u00f6ljer svenska personuppgiftslagen (SFS 1998:204) och \u00f6vriga till\u00e4mpliga regelverk vid behandling och bearbetning av personuppgifter. Vi samlar endast in personuppgifter som du sj\u00e4lv l\u00e4mnar till oss n\u00e4r du registrerar dig, fyller i formul\u00e4r eller skickar e-post, n\u00e4r du best\u00e4ller produkter eller tj\u00e4nster, g\u00f6r f\u00f6rfr\u00e5gningar om best\u00e4llt material eller liknande d\u00e5 du sj\u00e4lv valt att l\u00e4mna informationen till oss. Personuppgifterna samlas in och behandlas i syfte att administrera den \u00e5tg\u00e4rd som du har beg\u00e4rt, eller enligt vad som kr\u00e4vs enligt lag, och sparas inte l\u00e4ngre \u00e4n vad som kr\u00e4vs f\u00f6r att fullg\u00f6ra detta syfte.<\/p>\n<h2 id=\"Sekretessinformation-Delningavdatatilltredjepart\">Delning av data till tredje part<\/h2>\n<p>Databasen och dess inneh\u00e5ll kommer att delas med f\u00f6ljande parter:<\/p>\n<h3 id=\"Sekretessinformation-SynotioAB\">Synotio AB<\/h3>\n<p>Synotio AB, (C\/o Angry Creative AB, Br\u00e5ddgatan 11, 602 22 Norrk\u00f6ping. Org. Nr 559026-3850) \u00e4r f\u00f6retaget som tillhandah\u00e5ller oss och v\u00e5ra kunder med hostingtj\u00e4nster. Vid kontakt f\u00f6r offertframst\u00e4llning kommer det data ni tillhandah\u00e5llit att delas med denna leverant\u00f6r. Detta m\u00e5ste vi g\u00f6ra f\u00f6r att kunna tillfredsst\u00e4lla v\u00e5rt \u00e5tagande mot er som kunder.<\/p>\n<h3 id=\"Sekretessinformation-\u00d6vrigaparter\">\u00d6vriga parter<\/h3>\n<p>Ut\u00f6ver dessa tredje parter blir databasen och dess inneh\u00e5ll kvar hos oss. Dina personuppgifter vidarebefordras inte av oss eller v\u00e5ra representanter f\u00f6r anv\u00e4ndning av ytterligare tredje part i n\u00e5gon form, s\u00e5vida vi inte f\u00e5tt din till\u00e5telse eller \u00e4r skyldiga att g\u00f6ra det enligt lag.<\/p>\n<p>Vi beh\u00e5ller kontrollen \u00f6ver och ansvaret f\u00f6r anv\u00e4ndningen av de personuppgifter som du l\u00e4mnar till oss. Vissa uppgifter kan komma att lagras eller bearbetas i datorer i jurisdiktioner utanf\u00f6r EU och EES-omr\u00e5det, vars f\u00f6reskrifter om personuppgifter kan skilja sig fr\u00e5n den svenska regleringen. I s\u00e5dana fall ser vi till att l\u00e4mpliga skydds\u00e5tg\u00e4rder vidtas f\u00f6r att f\u00f6rs\u00e4kra oss om att de som bearbetar data i det landet uppr\u00e4tth\u00e5ller ett personuppgiftsskydd som \u00e4r likv\u00e4rdigt med det som finns i Sverige.<\/p>\n<h3 id=\"Sekretessinformation-H\u00e4vningsr\u00e4ttm.m.\">H\u00e4vningsr\u00e4tt m.m.<\/h3>\n<p>Du har r\u00e4tt att n\u00e4r som helst dra tillbaka ditt medgivande att anv\u00e4nda dina personuppgifter i framtiden eller beg\u00e4ra r\u00e4ttelse av dina personuppgifter som vi behandlar. Skicka bara i s\u00e5dant fall ett e-postmeddelande till\u00a0Sea Events Stockholm AB enligt nedanst\u00e5ende kontaktuppgifter. Du har \u00e4ven r\u00e4tt att f\u00e5 kostnadsfritt en g\u00e5ng per kalender\u00e5r f\u00e5 information om vilka personuppgifter vi behandlar om dig, varifr\u00e5n dessa uppgifter har h\u00e4mtats, \u00e4ndam\u00e5len med behandlingen och till vilka mottagare eller kategorier av mottagare som uppgifterna l\u00e4mnas ut.<\/p>\n<h2 id=\"Sekretessinformation-Anv\u00e4ndningavcookies:\">Anv\u00e4ndning av cookies:<\/h2>\n<p>Webbplatsen anv\u00e4nder s\u00e5 kallade \u201cCookies\u201d. Cookies \u00e4r sm\u00e5 textfiler som lagras p\u00e5 din h\u00e5rddisk via din webbl\u00e4sare. De lagrar s\u00e4rskild information (t.ex. dina f\u00f6rvalda spr\u00e5kinst\u00e4llningar eller sidinst\u00e4llningar) som din webbl\u00e4sare kan \u00e5terf\u00f6ra till oss n\u00e4sta g\u00e5ng du bes\u00f6ker v\u00e5r webbsida (beroende p\u00e5 cookiens livsl\u00e4ngd).<\/p>\n<p>Vi anv\u00e4nder tv\u00e5 kategorier av Cookies: cookies som kr\u00e4vs av tekniska sk\u00e4l, utan vilka webbplatsens funktionalitet begr\u00e4nsas, och Valfria cookies.<\/p>\n<p>N\u00e4r du bes\u00f6ker v\u00e5r webbsida f\u00f6r f\u00f6rsta g\u00e5ngen kommer en banner komma upp p\u00e5 sidan. Bannern informerar dig om att vi anv\u00e4nder cookies samt l\u00e4nkar dig till denna sida.<\/p>\n<p>Du har m\u00f6jlighet att v\u00e4lja bort valfria cookies n\u00e4r som helst genom att \u00e4ndra respektive val via knappen ovan.<\/p>\n<p>Du kan naturligtvis anv\u00e4nda v\u00e5r webbsida utan att n\u00e5gra Cookies aktiveras \u00f6verhuvudtaget (innefattande Cookies av tekniska sk\u00e4l). I din webbl\u00e4sare kan du n\u00e4r som helst begr\u00e4nsa eller avaktivera anv\u00e4ndningen av cookies. Detta kan dock ha en negativ p\u00e5verkan p\u00e5 funktionalitet och anv\u00e4ndarv\u00e4nligheten p\u00e5 v\u00e5r webbsida.<\/p>\n<h3 id=\"Sekretessinformation-GoogleAnalytics&amp;GoogleTagmanager(webbanalys)\">Google Analytics &amp; Google Tag manager (webbanalys)<\/h3>\n<p>V\u00e5r webbsida anv\u00e4nder Google Analytics och Google Tag Manager, webbanalystj\u00e4nster fr\u00e5n Google Inc., 1600 Amphitheatre Parkway, Mountain View, CA 94043, United States (\u201cGoogle\u201d).<\/p>\n<p>Baserat p\u00e5 ditt medgivande kommer Google analysera din anv\u00e4ndning av v\u00e5r webbsida p\u00e5 v\u00e5rt uppdrag. F\u00f6r detta anv\u00e4nder vi bl.a. de cookies som beskrivs mer detaljerat i bannern, som du n\u00e5r via knappen ovan. Informationen som samlas in av Google n\u00e4r du anv\u00e4nder v\u00e5r webbsida (t.ex. den h\u00e4nvisande URLn, vilka webbsidor du bes\u00f6kt, din typ av webbl\u00e4sare, dina spr\u00e5kinst\u00e4llningar, ditt operativsystem, din sk\u00e4rmuppl\u00f6sning) kommer bli \u00f6verf\u00f6rda till en av Googles servrar i USA, d\u00e4r de blir lagrade och analyserade; respektive resultat kommer sedan finnas tillg\u00e4ngliga f\u00f6r oss i anonymiserad form. I den h\u00e4r processen kommer inte anv\u00e4ndardata vara kopplad till din fulla IP adress. Vi har p\u00e5 v\u00e5r webbsida aktiverat en IP anonymiserande funktion som tillhandah\u00e5lls av Google som inneb\u00e4r att de sista 8 tecknen (typ IPv4) eller de sista 80 bits (typ IPv6) av din IP adress raderas. Google \u00e4r dessutom certifierad under EU-US Privacy Shield, vilket tillf\u00f6rs\u00e4krar en adekvat niv\u00e5 av datas\u00e4kerhet n\u00e4r det g\u00e4ller databearbetning av Google i USA.<\/p>\n<p>Du kan n\u00e4r som helst \u00e5terkalla ditt medgivande till webbanalys antingen genom att ladda ned och installera en Browser Plugin som tillhandah\u00e5lls av Google eller genom att justera dina medgivanden i bannern som du n\u00e5r via knappen ovan, d\u00e4r en opt-out cookie finns placerad. B\u00e5da alternativen f\u00f6rhindrar anv\u00e4ndning av webbanalys s\u00e5 l\u00e4nge du anv\u00e4nder webbl\u00e4saren d\u00e4r du har installerat insticksprogrammet och inte raderar undantagskakan.<\/p>\n<p>F\u00f6r ytterligare information om Google Analytics &amp; Google Tag Manager:\u00a0<a class=\"external-link\" href=\"https:\/\/www.google.com\/analytics\/terms\/us.html\" rel=\"nofollow\">Google Analytics Terms of Service<\/a>,\u00a0<a class=\"external-link\" href=\"https:\/\/support.google.com\/analytics\/answer\/6004245?hl=en\" rel=\"nofollow\">Google Analytics security and privacy principles<\/a>,\u00a0<a class=\"external-link\" href=\"https:\/\/www.google.com\/analytics\/tag-manager\/use-policy\/\" rel=\"nofollow\">Google Tag Manager Terms of Service<\/a>\u00a0och\u00a0<a class=\"external-link\" href=\"https:\/\/www.google.com\/policies\/privacy\/\" rel=\"nofollow\">Google Privacy Policy<\/a>.<\/p>\n<h2 id=\"Sekretessinformation-S\u00e4kerhet\">S\u00e4kerhet<\/h2>\n<p>Sea Events Stockholm AB\u00a0anv\u00e4nder tekniska och organisatoriska s\u00e4kerhets\u00e5tg\u00e4rder f\u00f6r att skydda dina uppgifter fr\u00e5n manipulering, f\u00f6rlust, f\u00f6rst\u00f6relse eller \u00e5tkomst av obeh\u00f6riga. I den m\u00e5n det \u00e4r m\u00f6jligt kommer personuppgifter som du l\u00e4mnar till\u00a0Sea Events Stockholm AB att krypteras f\u00f6r att f\u00f6rhindra att de missbrukas av tredje part. V\u00e5ra s\u00e4kerhetsrutiner revideras fortl\u00f6pande och baseras p\u00e5 den senaste tekniska utvecklingen.<\/p>\n<h3 id=\"Sekretessinformation-Barn\">Barn<\/h3>\n<p>I syfte att skydda barns integritet avst\u00e5r\u00a0Sea Events Stockholm AB fr\u00e5n att samla in och behandla information som relaterar till barn som vi vet \u00e4r under 13 \u00e5r f\u00f6rutsatt att n\u00e5got samtycke inte inh\u00e4mtas fr\u00e5n m\u00e5lsman.\u00a0Sea Events Stockholm AB anv\u00e4nder inte heller n\u00e5gon information som tillhandah\u00e5llits av ett barn som vi vet \u00e4r under 13 \u00e5r p\u00e5 webbplatsen. M\u00e5lsman har alltid r\u00e4tt att efterfr\u00e5ga och tillhandah\u00e5llas eventuell information som barnet tillhandah\u00e5llit och kan alltid beg\u00e4ra att s\u00e5dan information raderas.<\/p>\n<h2 id=\"Sekretessinformation-Kontakt\">Kontakt<\/h2>\n<p>Om du har n\u00e5gra problem, fr\u00e5gor eller f\u00f6rslag, \u00e4r du v\u00e4lkommen att kontakta oss<\/p>\n<p>Sea Events Stockholm AB,<br \/>\nAlmdalsv\u00e4gen 8B, 132 37 Saltsj\u00f6-Boo.<\/p>\n<p>Org.nummer:\u00a0556994-9588,<\/p>\n<p>Telefon:\u00a0+46-(0)8-611 1929<\/p>\n<p>E-post: <a href=\"mailto:info@seaevents.se\">info@seaevents.se<\/a><\/p>\n<p>Den st\u00e4ndiga utvecklingen av Internet kan ocks\u00e5 kr\u00e4va att inneh\u00e5llet i dessa villkor \u00e4ndras. Vi f\u00f6rbeh\u00e5ller oss r\u00e4tten att g\u00f6ra \u00e4ndringar vid behov.<\/p>\n<p><strong>Om webbplatsen<\/strong><br \/>\nWebbplatsen \u00e4r producerad av\u00a0<a href=\"https:\/\/angrycreative.se\/\">Angry Creative webbyr\u00e5<\/a>\u00a0och anv\u00e4nder moderna tekniker och l\u00f6sningar som t.ex.\u00a0<a href=\"https:\/\/angrycreative.se\/wordpress\">WordPress<\/a>\u00a0som publiceringsplattform och responsiv design f\u00f6r att anpassa utseendet f\u00f6r olika plattformar och sk\u00e4rmuppl\u00f6sningar.<\/p>\n<\/div>\n<\/div><\/div><\/div><\/div><\/div>","protected":false},"excerpt":{"rendered":"<p>Sea Events Stockholm AB\u00a0anser att s\u00e4kerheten r\u00f6rande dina personuppgifter vid anv\u00e4ndning av denna webbplats \u00e4r viktig och vi tar skyddet av dina personuppgifter p\u00e5 allvar.<\/p>\n","protected":false},"author":26,"featured_media":0,"parent":0,"menu_order":0,"comment_status":"closed","ping_status":"closed","template":"","meta":{"_acf_changed":false,"_monsterinsights_skip_tracking":false,"_monsterinsights_sitenote_active":false,"_monsterinsights_sitenote_note":"","_monsterinsights_sitenote_category":0,"footnotes":""},"class_list":["post-2755","page","type-page","status-publish","hentry"],"acf":[],"yoast_head":"<!-- This site is optimized with the Yoast SEO plugin v26.9 - https:\/\/yoast.com\/product\/yoast-seo-wordpress\/ -->\n<title>Sekretessinformation - Sea Events - Sea Events<\/title>\n<meta name=\"description\" content=\"S\u00e4kerheten r\u00f6rande dina personuppgifter vid anv\u00e4ndning av denna webbplats \u00e4r viktig och vi tar skyddet av dina personuppgifter p\u00e5 allvar.\" \/>\n<meta name=\"robots\" content=\"index, follow, max-snippet:-1, max-image-preview:large, max-video-preview:-1\" \/>\n<link rel=\"canonical\" href=\"https:\/\/seaevents.se\/sekretessinformation-sea-events\/\" \/>\n<meta property=\"og:locale\" content=\"sv_SE\" \/>\n<meta property=\"og:type\" content=\"article\" \/>\n<meta property=\"og:title\" content=\"Sekretessinformation - Sea Events - Sea Events\" \/>\n<meta property=\"og:description\" content=\"S\u00e4kerheten r\u00f6rande dina personuppgifter vid anv\u00e4ndning av denna webbplats \u00e4r viktig och vi tar skyddet av dina personuppgifter p\u00e5 allvar.\" \/>\n<meta property=\"og:url\" content=\"https:\/\/seaevents.se\/sekretessinformation-sea-events\/\" \/>\n<meta property=\"og:site_name\" content=\"Sea Events\" \/>\n<meta name=\"twitter:card\" content=\"summary_large_image\" \/>\n<meta name=\"twitter:label1\" content=\"Ber\u00e4knad l\u00e4stid\" \/>\n\t<meta name=\"twitter:data1\" content=\"8 minuter\" \/>\n<script type=\"application\/ld+json\" class=\"yoast-schema-graph\">{\"@context\":\"https:\/\/schema.org\",\"@graph\":[{\"@type\":\"WebPage\",\"@id\":\"https:\/\/seaevents.se\/sekretessinformation-sea-events\/\",\"url\":\"https:\/\/seaevents.se\/sekretessinformation-sea-events\/\",\"name\":\"Sekretessinformation - Sea Events - Sea Events\",\"isPartOf\":{\"@id\":\"https:\/\/seaevents.se\/#website\"},\"datePublished\":\"2023-02-15T14:07:15+00:00\",\"description\":\"S\u00e4kerheten r\u00f6rande dina personuppgifter vid anv\u00e4ndning av denna webbplats \u00e4r viktig och vi tar skyddet av dina personuppgifter p\u00e5 allvar.\",\"breadcrumb\":{\"@id\":\"https:\/\/seaevents.se\/sekretessinformation-sea-events\/#breadcrumb\"},\"inLanguage\":\"sv-SE\",\"potentialAction\":[{\"@type\":\"ReadAction\",\"target\":[\"https:\/\/seaevents.se\/sekretessinformation-sea-events\/\"]}]},{\"@type\":\"BreadcrumbList\",\"@id\":\"https:\/\/seaevents.se\/sekretessinformation-sea-events\/#breadcrumb\",\"itemListElement\":[{\"@type\":\"ListItem\",\"position\":1,\"name\":\"Hem\",\"item\":\"https:\/\/seaevents.se\/\"},{\"@type\":\"ListItem\",\"position\":2,\"name\":\"Sekretessinformation &#8211; Sea Events\"}]},{\"@type\":\"WebSite\",\"@id\":\"https:\/\/seaevents.se\/#website\",\"url\":\"https:\/\/seaevents.se\/\",\"name\":\"Sea Events\",\"description\":\"\",\"publisher\":{\"@id\":\"https:\/\/seaevents.se\/#organization\"},\"potentialAction\":[{\"@type\":\"SearchAction\",\"target\":{\"@type\":\"EntryPoint\",\"urlTemplate\":\"https:\/\/seaevents.se\/?s={search_term_string}\"},\"query-input\":{\"@type\":\"PropertyValueSpecification\",\"valueRequired\":true,\"valueName\":\"search_term_string\"}}],\"inLanguage\":\"sv-SE\"},{\"@type\":\"Organization\",\"@id\":\"https:\/\/seaevents.se\/#organization\",\"name\":\"Sea Events\",\"url\":\"https:\/\/seaevents.se\/\",\"logo\":{\"@type\":\"ImageObject\",\"inLanguage\":\"sv-SE\",\"@id\":\"https:\/\/seaevents.se\/#\/schema\/logo\/image\/\",\"url\":\"https:\/\/seaevents.se\/wp-content\/uploads\/2016\/03\/sea-events-logo-hires.png\",\"contentUrl\":\"https:\/\/seaevents.se\/wp-content\/uploads\/2016\/03\/sea-events-logo-hires.png\",\"width\":993,\"height\":361,\"caption\":\"Sea Events\"},\"image\":{\"@id\":\"https:\/\/seaevents.se\/#\/schema\/logo\/image\/\"}}]}<\/script>\n<!-- \/ Yoast SEO plugin. -->","yoast_head_json":{"title":"Sekretessinformation - Sea Events - Sea Events","description":"S\u00e4kerheten r\u00f6rande dina personuppgifter vid anv\u00e4ndning av denna webbplats \u00e4r viktig och vi tar skyddet av dina personuppgifter p\u00e5 allvar.","robots":{"index":"index","follow":"follow","max-snippet":"max-snippet:-1","max-image-preview":"max-image-preview:large","max-video-preview":"max-video-preview:-1"},"canonical":"https:\/\/seaevents.se\/sekretessinformation-sea-events\/","og_locale":"sv_SE","og_type":"article","og_title":"Sekretessinformation - Sea Events - Sea Events","og_description":"S\u00e4kerheten r\u00f6rande dina personuppgifter vid anv\u00e4ndning av denna webbplats \u00e4r viktig och vi tar skyddet av dina personuppgifter p\u00e5 allvar.","og_url":"https:\/\/seaevents.se\/sekretessinformation-sea-events\/","og_site_name":"Sea Events","twitter_card":"summary_large_image","twitter_misc":{"Ber\u00e4knad l\u00e4stid":"8 minuter"},"schema":{"@context":"https:\/\/schema.org","@graph":[{"@type":"WebPage","@id":"https:\/\/seaevents.se\/sekretessinformation-sea-events\/","url":"https:\/\/seaevents.se\/sekretessinformation-sea-events\/","name":"Sekretessinformation - Sea Events - Sea Events","isPartOf":{"@id":"https:\/\/seaevents.se\/#website"},"datePublished":"2023-02-15T14:07:15+00:00","description":"S\u00e4kerheten r\u00f6rande dina personuppgifter vid anv\u00e4ndning av denna webbplats \u00e4r viktig och vi tar skyddet av dina personuppgifter p\u00e5 allvar.","breadcrumb":{"@id":"https:\/\/seaevents.se\/sekretessinformation-sea-events\/#breadcrumb"},"inLanguage":"sv-SE","potentialAction":[{"@type":"ReadAction","target":["https:\/\/seaevents.se\/sekretessinformation-sea-events\/"]}]},{"@type":"BreadcrumbList","@id":"https:\/\/seaevents.se\/sekretessinformation-sea-events\/#breadcrumb","itemListElement":[{"@type":"ListItem","position":1,"name":"Hem","item":"https:\/\/seaevents.se\/"},{"@type":"ListItem","position":2,"name":"Sekretessinformation &#8211; Sea Events"}]},{"@type":"WebSite","@id":"https:\/\/seaevents.se\/#website","url":"https:\/\/seaevents.se\/","name":"Sea Events","description":"","publisher":{"@id":"https:\/\/seaevents.se\/#organization"},"potentialAction":[{"@type":"SearchAction","target":{"@type":"EntryPoint","urlTemplate":"https:\/\/seaevents.se\/?s={search_term_string}"},"query-input":{"@type":"PropertyValueSpecification","valueRequired":true,"valueName":"search_term_string"}}],"inLanguage":"sv-SE"},{"@type":"Organization","@id":"https:\/\/seaevents.se\/#organization","name":"Sea Events","url":"https:\/\/seaevents.se\/","logo":{"@type":"ImageObject","inLanguage":"sv-SE","@id":"https:\/\/seaevents.se\/#\/schema\/logo\/image\/","url":"https:\/\/seaevents.se\/wp-content\/uploads\/2016\/03\/sea-events-logo-hires.png","contentUrl":"https:\/\/seaevents.se\/wp-content\/uploads\/2016\/03\/sea-events-logo-hires.png","width":993,"height":361,"caption":"Sea Events"},"image":{"@id":"https:\/\/seaevents.se\/#\/schema\/logo\/image\/"}}]}},"_links":{"self":[{"href":"https:\/\/seaevents.se\/index.php?rest_route=\/wp\/v2\/pages\/2755","targetHints":{"allow":["GET"]}}],"collection":[{"href":"https:\/\/seaevents.se\/index.php?rest_route=\/wp\/v2\/pages"}],"about":[{"href":"https:\/\/seaevents.se\/index.php?rest_route=\/wp\/v2\/types\/page"}],"author":[{"embeddable":true,"href":"https:\/\/seaevents.se\/index.php?rest_route=\/wp\/v2\/users\/26"}],"replies":[{"embeddable":true,"href":"https:\/\/seaevents.se\/index.php?rest_route=%2Fwp%2Fv2%2Fcomments&post=2755"}],"version-history":[{"count":1,"href":"https:\/\/seaevents.se\/index.php?rest_route=\/wp\/v2\/pages\/2755\/revisions"}],"predecessor-version":[{"id":2757,"href":"https:\/\/seaevents.se\/index.php?rest_route=\/wp\/v2\/pages\/2755\/revisions\/2757"}],"wp:attachment":[{"href":"https:\/\/seaevents.se\/index.php?rest_route=%2Fwp%2Fv2%2Fmedia&parent=2755"}],"curies":[{"name":"wp","href":"https:\/\/api.w.org\/{rel}","templated":true}]}}