{"id":2274,"date":"2022-02-03T16:37:45","date_gmt":"2022-02-03T15:37:45","guid":{"rendered":"https:\/\/seaevents.se\/?page_id=2274"},"modified":"2024-11-15T15:40:11","modified_gmt":"2024-11-15T14:40:11","slug":"bokningsvillkor","status":"publish","type":"page","link":"https:\/\/seaevents.se\/bokningsvillkor\/","title":{"rendered":"Bokning &#038; betalningsvillkor"},"content":{"rendered":"<h2>Boknings- och avbokningsvillkor<\/h2>\n<p><strong>Definitioner mm<br \/>\n<\/strong>Best\u00e4llaren \u00e4r den person &#8211; juridisk eller fysisk &#8211; som \u00e4r betalningsskyldig f\u00f6r evenemanget. Sea Events Stockholm \u00e4r det bolag som ska utf\u00f6ra evenemanget. Om inte annat skriftligen avtalas ska nedanst\u00e5ende g\u00e4lla som villkor.<\/p>\n<p><strong>Uppgifter fr\u00e5n best\u00e4llaren<br \/>\n<\/strong>Uppgifter om antal deltagare och kontaktperson m\u00e5ste l\u00e4mnas vid best\u00e4llningen. Innan avf\u00e4rd m\u00e5ste speciella \u00f6nskem\u00e5l anges. Det \u00e4r viktigt att best\u00e4llaren \u00e4r medveten om att det under inga omst\u00e4ndigheter kan bli aktuellt med fler deltagare \u00e4n maximalt till\u00e5tna.<\/p>\n<p><strong>Bokning<br \/>\n<\/strong>Best\u00e4llningen ska vara konfirmerad skriftligen via epost till info@seaevents.se av Best\u00e4llaren. Om bokningen sker av privatperson ska hela priset betalas en vecka i f\u00f6rskott f\u00f6r att bokningen ska konfirmeras. Betalning sker till Handelsbanken 6126-860 247 228.<\/p>\n<p><strong>Avbokning<br \/>\n<\/strong>Om avbokning sker senare \u00e4n fyra veckor innan planerat evenemang, ska Best\u00e4llaren ers\u00e4tta Sea Events med 50 procent av priset f\u00f6r evenemanget. Om avbokning sker senare \u00e4n en vecka innan evenemanget ska hela priset betalas.<\/p>\n<p><strong>Pris<br \/>\n<\/strong>Alla angivna priser \u00e4r exklusive moms. Moms f\u00f6r RIB f\u00e4rden \u00e4r 6 procent. F\u00f6r \u00f6vriga tj\u00e4nster \u00e4r momsen 12 eller 25 procent. Priset g\u00e4ller avtalat evenemang. Om evenemanget av olika anledningar, orsakade av Best\u00e4llaren, f\u00f6rsenas eller \u00e4ndras, g\u00e4ller de vid var tid g\u00e4llande standardpriser per timme enligt prislista.<\/p>\n<p><strong>Betalningsvillkor<br \/>\n<\/strong>Faktura 20 dagar eller full betalning i f\u00f6rskott om Best\u00e4llaren \u00e4r privatperson. Vid betalningsf\u00f6rsening av faktura g\u00e4ller hotellens branschstandard SHR.<\/p>\n<p><strong>Force Majeure<br \/>\n<\/strong>Samtliga anledningar utanf\u00f6r Sea Events kontroll ger Sea Event r\u00e4tt att h\u00e4va avtalet. \u00c4r anledningen Sea Events ansvar (tex maskinhaveri) \u00e5terbetalas den del av priset som avser Sea Events del, kostnader vad avser tredje part ers\u00e4tts s\u00e5ledes inte.<\/p>\n<p class=\"editor-p-12\">\n","protected":false},"excerpt":{"rendered":"<p>oknings- och avbokningsvillko. Definitioner mm. Uppgifter fr\u00e5n best\u00e4llare. okning. Avbokning. Pris. etalningsvillko. Force Majeure. <\/p>\n","protected":false},"author":33,"featured_media":2290,"parent":0,"menu_order":0,"comment_status":"closed","ping_status":"closed","template":"","meta":{"_acf_changed":false,"_monsterinsights_skip_tracking":false,"_monsterinsights_sitenote_active":false,"_monsterinsights_sitenote_note":"","_monsterinsights_sitenote_category":0,"footnotes":""},"class_list":["post-2274","page","type-page","status-publish","has-post-thumbnail","hentry"],"acf":[],"yoast_head":"<!-- This site is optimized with the Yoast SEO plugin v26.9 - https:\/\/yoast.com\/product\/yoast-seo-wordpress\/ -->\n<title>Bokningsvillkor - Sea Events<\/title>\n<meta name=\"description\" content=\"Kontakta oss n\u00e4r du vill arrangera ett of\u00f6rgl\u00f6mligt event i Stockholms sk\u00e4rg\u00e5rd. H\u00e4r hittar du v\u00e5ra bokningsvillkor.\" \/>\n<meta name=\"robots\" content=\"index, follow, max-snippet:-1, max-image-preview:large, max-video-preview:-1\" \/>\n<link rel=\"canonical\" href=\"https:\/\/seaevents.se\/bokningsvillkor\/\" \/>\n<meta property=\"og:locale\" content=\"sv_SE\" \/>\n<meta property=\"og:type\" content=\"article\" \/>\n<meta property=\"og:title\" content=\"Bokningsvillkor - Sea Events\" \/>\n<meta property=\"og:description\" content=\"Kontakta oss n\u00e4r du vill arrangera ett of\u00f6rgl\u00f6mligt event i Stockholms sk\u00e4rg\u00e5rd. H\u00e4r hittar du v\u00e5ra bokningsvillkor.\" \/>\n<meta property=\"og:url\" content=\"https:\/\/seaevents.se\/bokningsvillkor\/\" \/>\n<meta property=\"og:site_name\" content=\"Sea Events\" \/>\n<meta property=\"article:modified_time\" content=\"2024-11-15T14:40:11+00:00\" \/>\n<meta property=\"og:image\" content=\"https:\/\/seaevents.se\/wp-content\/uploads\/2022\/02\/seaevents-52-scaled-e1643904514107.jpg\" \/>\n\t<meta property=\"og:image:width\" content=\"2553\" \/>\n\t<meta property=\"og:image:height\" content=\"812\" \/>\n\t<meta property=\"og:image:type\" content=\"image\/jpeg\" \/>\n<meta name=\"twitter:card\" content=\"summary_large_image\" \/>\n<meta name=\"twitter:label1\" content=\"Ber\u00e4knad l\u00e4stid\" \/>\n\t<meta name=\"twitter:data1\" content=\"2 minuter\" \/>\n<script type=\"application\/ld+json\" class=\"yoast-schema-graph\">{\"@context\":\"https:\/\/schema.org\",\"@graph\":[{\"@type\":\"WebPage\",\"@id\":\"https:\/\/seaevents.se\/bokningsvillkor\/\",\"url\":\"https:\/\/seaevents.se\/bokningsvillkor\/\",\"name\":\"Bokningsvillkor - Sea Events\",\"isPartOf\":{\"@id\":\"https:\/\/seaevents.se\/#website\"},\"primaryImageOfPage\":{\"@id\":\"https:\/\/seaevents.se\/bokningsvillkor\/#primaryimage\"},\"image\":{\"@id\":\"https:\/\/seaevents.se\/bokningsvillkor\/#primaryimage\"},\"thumbnailUrl\":\"https:\/\/seaevents.se\/wp-content\/uploads\/2022\/02\/seaevents-52-scaled-e1643904514107.jpg\",\"datePublished\":\"2022-02-03T15:37:45+00:00\",\"dateModified\":\"2024-11-15T14:40:11+00:00\",\"description\":\"Kontakta oss n\u00e4r du vill arrangera ett of\u00f6rgl\u00f6mligt event i Stockholms sk\u00e4rg\u00e5rd. H\u00e4r hittar du v\u00e5ra bokningsvillkor.\",\"breadcrumb\":{\"@id\":\"https:\/\/seaevents.se\/bokningsvillkor\/#breadcrumb\"},\"inLanguage\":\"sv-SE\",\"potentialAction\":[{\"@type\":\"ReadAction\",\"target\":[\"https:\/\/seaevents.se\/bokningsvillkor\/\"]}]},{\"@type\":\"ImageObject\",\"inLanguage\":\"sv-SE\",\"@id\":\"https:\/\/seaevents.se\/bokningsvillkor\/#primaryimage\",\"url\":\"https:\/\/seaevents.se\/wp-content\/uploads\/2022\/02\/seaevents-52-scaled-e1643904514107.jpg\",\"contentUrl\":\"https:\/\/seaevents.se\/wp-content\/uploads\/2022\/02\/seaevents-52-scaled-e1643904514107.jpg\",\"width\":2553,\"height\":812},{\"@type\":\"BreadcrumbList\",\"@id\":\"https:\/\/seaevents.se\/bokningsvillkor\/#breadcrumb\",\"itemListElement\":[{\"@type\":\"ListItem\",\"position\":1,\"name\":\"Hem\",\"item\":\"https:\/\/seaevents.se\/\"},{\"@type\":\"ListItem\",\"position\":2,\"name\":\"Bokning &#038; betalningsvillkor\"}]},{\"@type\":\"WebSite\",\"@id\":\"https:\/\/seaevents.se\/#website\",\"url\":\"https:\/\/seaevents.se\/\",\"name\":\"Sea Events\",\"description\":\"\",\"publisher\":{\"@id\":\"https:\/\/seaevents.se\/#organization\"},\"potentialAction\":[{\"@type\":\"SearchAction\",\"target\":{\"@type\":\"EntryPoint\",\"urlTemplate\":\"https:\/\/seaevents.se\/?s={search_term_string}\"},\"query-input\":{\"@type\":\"PropertyValueSpecification\",\"valueRequired\":true,\"valueName\":\"search_term_string\"}}],\"inLanguage\":\"sv-SE\"},{\"@type\":\"Organization\",\"@id\":\"https:\/\/seaevents.se\/#organization\",\"name\":\"Sea Events\",\"url\":\"https:\/\/seaevents.se\/\",\"logo\":{\"@type\":\"ImageObject\",\"inLanguage\":\"sv-SE\",\"@id\":\"https:\/\/seaevents.se\/#\/schema\/logo\/image\/\",\"url\":\"https:\/\/seaevents.se\/wp-content\/uploads\/2016\/03\/sea-events-logo-hires.png\",\"contentUrl\":\"https:\/\/seaevents.se\/wp-content\/uploads\/2016\/03\/sea-events-logo-hires.png\",\"width\":993,\"height\":361,\"caption\":\"Sea Events\"},\"image\":{\"@id\":\"https:\/\/seaevents.se\/#\/schema\/logo\/image\/\"}}]}<\/script>\n<!-- \/ Yoast SEO plugin. -->","yoast_head_json":{"title":"Bokningsvillkor - Sea Events","description":"Kontakta oss n\u00e4r du vill arrangera ett of\u00f6rgl\u00f6mligt event i Stockholms sk\u00e4rg\u00e5rd. H\u00e4r hittar du v\u00e5ra bokningsvillkor.","robots":{"index":"index","follow":"follow","max-snippet":"max-snippet:-1","max-image-preview":"max-image-preview:large","max-video-preview":"max-video-preview:-1"},"canonical":"https:\/\/seaevents.se\/bokningsvillkor\/","og_locale":"sv_SE","og_type":"article","og_title":"Bokningsvillkor - Sea Events","og_description":"Kontakta oss n\u00e4r du vill arrangera ett of\u00f6rgl\u00f6mligt event i Stockholms sk\u00e4rg\u00e5rd. H\u00e4r hittar du v\u00e5ra bokningsvillkor.","og_url":"https:\/\/seaevents.se\/bokningsvillkor\/","og_site_name":"Sea Events","article_modified_time":"2024-11-15T14:40:11+00:00","og_image":[{"width":2553,"height":812,"url":"https:\/\/seaevents.se\/wp-content\/uploads\/2022\/02\/seaevents-52-scaled-e1643904514107.jpg","type":"image\/jpeg"}],"twitter_card":"summary_large_image","twitter_misc":{"Ber\u00e4knad l\u00e4stid":"2 minuter"},"schema":{"@context":"https:\/\/schema.org","@graph":[{"@type":"WebPage","@id":"https:\/\/seaevents.se\/bokningsvillkor\/","url":"https:\/\/seaevents.se\/bokningsvillkor\/","name":"Bokningsvillkor - Sea Events","isPartOf":{"@id":"https:\/\/seaevents.se\/#website"},"primaryImageOfPage":{"@id":"https:\/\/seaevents.se\/bokningsvillkor\/#primaryimage"},"image":{"@id":"https:\/\/seaevents.se\/bokningsvillkor\/#primaryimage"},"thumbnailUrl":"https:\/\/seaevents.se\/wp-content\/uploads\/2022\/02\/seaevents-52-scaled-e1643904514107.jpg","datePublished":"2022-02-03T15:37:45+00:00","dateModified":"2024-11-15T14:40:11+00:00","description":"Kontakta oss n\u00e4r du vill arrangera ett of\u00f6rgl\u00f6mligt event i Stockholms sk\u00e4rg\u00e5rd. H\u00e4r hittar du v\u00e5ra bokningsvillkor.","breadcrumb":{"@id":"https:\/\/seaevents.se\/bokningsvillkor\/#breadcrumb"},"inLanguage":"sv-SE","potentialAction":[{"@type":"ReadAction","target":["https:\/\/seaevents.se\/bokningsvillkor\/"]}]},{"@type":"ImageObject","inLanguage":"sv-SE","@id":"https:\/\/seaevents.se\/bokningsvillkor\/#primaryimage","url":"https:\/\/seaevents.se\/wp-content\/uploads\/2022\/02\/seaevents-52-scaled-e1643904514107.jpg","contentUrl":"https:\/\/seaevents.se\/wp-content\/uploads\/2022\/02\/seaevents-52-scaled-e1643904514107.jpg","width":2553,"height":812},{"@type":"BreadcrumbList","@id":"https:\/\/seaevents.se\/bokningsvillkor\/#breadcrumb","itemListElement":[{"@type":"ListItem","position":1,"name":"Hem","item":"https:\/\/seaevents.se\/"},{"@type":"ListItem","position":2,"name":"Bokning &#038; betalningsvillkor"}]},{"@type":"WebSite","@id":"https:\/\/seaevents.se\/#website","url":"https:\/\/seaevents.se\/","name":"Sea Events","description":"","publisher":{"@id":"https:\/\/seaevents.se\/#organization"},"potentialAction":[{"@type":"SearchAction","target":{"@type":"EntryPoint","urlTemplate":"https:\/\/seaevents.se\/?s={search_term_string}"},"query-input":{"@type":"PropertyValueSpecification","valueRequired":true,"valueName":"search_term_string"}}],"inLanguage":"sv-SE"},{"@type":"Organization","@id":"https:\/\/seaevents.se\/#organization","name":"Sea Events","url":"https:\/\/seaevents.se\/","logo":{"@type":"ImageObject","inLanguage":"sv-SE","@id":"https:\/\/seaevents.se\/#\/schema\/logo\/image\/","url":"https:\/\/seaevents.se\/wp-content\/uploads\/2016\/03\/sea-events-logo-hires.png","contentUrl":"https:\/\/seaevents.se\/wp-content\/uploads\/2016\/03\/sea-events-logo-hires.png","width":993,"height":361,"caption":"Sea Events"},"image":{"@id":"https:\/\/seaevents.se\/#\/schema\/logo\/image\/"}}]}},"_links":{"self":[{"href":"https:\/\/seaevents.se\/index.php?rest_route=\/wp\/v2\/pages\/2274","targetHints":{"allow":["GET"]}}],"collection":[{"href":"https:\/\/seaevents.se\/index.php?rest_route=\/wp\/v2\/pages"}],"about":[{"href":"https:\/\/seaevents.se\/index.php?rest_route=\/wp\/v2\/types\/page"}],"author":[{"embeddable":true,"href":"https:\/\/seaevents.se\/index.php?rest_route=\/wp\/v2\/users\/33"}],"replies":[{"embeddable":true,"href":"https:\/\/seaevents.se\/index.php?rest_route=%2Fwp%2Fv2%2Fcomments&post=2274"}],"version-history":[{"count":14,"href":"https:\/\/seaevents.se\/index.php?rest_route=\/wp\/v2\/pages\/2274\/revisions"}],"predecessor-version":[{"id":2953,"href":"https:\/\/seaevents.se\/index.php?rest_route=\/wp\/v2\/pages\/2274\/revisions\/2953"}],"wp:featuredmedia":[{"embeddable":true,"href":"https:\/\/seaevents.se\/index.php?rest_route=\/wp\/v2\/media\/2290"}],"wp:attachment":[{"href":"https:\/\/seaevents.se\/index.php?rest_route=%2Fwp%2Fv2%2Fmedia&parent=2274"}],"curies":[{"name":"wp","href":"https:\/\/api.w.org\/{rel}","templated":true}]}}